common factor of d and z?
8
Suppose w + 2*w = 5*d - 46, d - 14 = 3*w. Let t be d/2 - (-1 - 1). Suppose y = 25 + 5. Calculate the highest common divisor of y and t.
6
Let w be (-5)/3*1*-18. Suppose -3*z - w = -v, 0 = v - 0*v + 4*z - 37. Calculate the highest common divisor of 3 and v.
3
Suppose -3 = -5*r + 12. Suppose -5*q + r*a = -155, 0 = -4*q - 6*a + 2*a + 156. What is the highest common divisor of 51 and q?
17
Let c = 10 + -7. Suppose 1 - 17 = 4*k. Let o be k/3*-9*c. Calculate the greatest common factor of o and 24.
12
Let s be (5 - 7)/(4/(-2)). Let i be s - 0*(-1)/(-3). Suppose -2*x - 4 = 0, 3*w + 3*x - 7*x = 29. What is the highest common divisor of w and i?
1
Suppose -x = -5*x - 48. Let k be (x/18)/((-1)/9). Calculate the highest common divisor of 48 and k.
6
Suppose 0 = 2*d + 2*d - 3*l - 30, -2*d + 8 = 2*l. Suppose -d*o + o = 0. Suppose -f + 6*f - 75 = o. What is the highest common factor of f and 3?
3
Let v be 24 + (-4)/(-2) + 0. Suppose -3*l + l + 53 = 3*j, -v = -2*j + l. Calculate the greatest common divisor of 165 and j.
15
Suppose x = -4*x + 300. Let u(d) = 7*d**3 + 2*d**2 + d. Let j be u(-1). Let c be 45/10*(-8)/j. Calculate the highest common factor of c and x.
6
Suppose 5*c + 15 = -35. Let q be (45/c)/(3/(-4)). Suppose 5*n - 5*o + 22 = q*n, 0 = -2*n - 4*o + 44. Calculate the highest common factor of 11 and n.
11
Let v be 6/21 + (-570)/(-14). Suppose 5*s = v - 1. Calculate the highest common divisor of 64 and s.
8
Let t(n) = 6*n - 4*n - 9 - 1. Let x be t(9). What is the greatest common factor of x and 40?
8
Let j(v) = 8*v - 2. Let n be j(2). Suppose 2*k - n = t, 2*k + 3*t = -t + 14. What is the highest common divisor of k and 56?
7
Let n be (156/8)/(1/2). Let v = n + -62. Let b = -7 - v. What is the greatest common factor of 2 and b?
2
Let p be (76/10)/((-18)/(-45)). Calculate the greatest common factor of p and 57.
19
Let c = -3 + 1. Let i be 18 + (-8)/c + -2. Suppose 3*a = 8 + 22. What is the greatest common factor of a and i?
10
Let o(i) = -i**2 + 9*i + 4. Let k be o(9). Suppose -3 = k*q - 267. Calculate the highest common divisor of 6 and q.
6
Suppose 5*u - 2*t - 17 = 0, 5*u + t - 10 = 4. Let m be 21*(-1 + 4/u). Let p = 116 - 53. What is the highest common factor of m and p?
7
Let a = -4 - -8. Suppose a*t - 27 = 5. What is the highest common factor of t and 8?
8
Suppose -5*u = -3*q + 304, -340 = -3*q - u - 3*u. Let x = 126 - 99. What is the greatest common factor of x and q?
27
Let q(t) = t + 48. Let z be q(-15). Calculate the greatest common factor of z and 55.
11
Let m = 19 - 0. What is the highest common divisor of m and 57?
19
Suppose -5*a = -0*q + 2*q - 9794, 7831 = 4*a + 3*q. Suppose -3*c - c = -a. Suppose 2*d - c = -3*d. Calculate the highest common factor of d and 14.
14
Let k = 13 + -12. Let c = -5 - -3. Let b be (1/2)/(c/(-44)). What is the greatest common divisor of k and b?
1
Suppose -5*r + 4*r + 3 = 0, 0 = 2*d - r - 15. Suppose 0 = -5*l - 0*l - a + 40, 5*a - 11 = -4*l. What is the greatest common divisor of d and l?
9
Let v = -5 + 5. Suppose o - 4*j + 14 = v, -o = -2*j - 0 + 6. Suppose -89 = -o*b - 11. Calculate the highest common divisor of 26 and b.
13
Let o(z) = -z + 2. Let q be o(-5). Let m = -170 + 29. Let t be 8/28 - m/21. Calculate the greatest common divisor of q and t.
7
Let v be (1 + -26)*60/(-25). Suppose v = 5*p + q, -5 = p - 4*q + 4. Calculate the greatest common factor of p and 88.
11
Let b be 2 + (-49)/21 - 529/(-3). What is the highest common factor of 16 and b?
16
Suppose 2*t - 4*t + 4 = 0. Let m = 88 + t. Calculate the greatest common divisor of m and 10.
10
Suppose 4*k + 0*l = l + 29, 4*k - 26 = -2*l. Suppose -z = -3*o - 5, -6*o + o + z = k. Let a be -7*o/(-2)*-44. What is the highest common factor of 14 and a?
14
Let o be 0 + (1 - -2) + 9. Suppose i + 0*i - 3*j = 4, 4*i - 2*j - 16 = 0. What is the highest common divisor of o and i?
4
Let k be 6/((-1)/((-56)/6)). Let w = 2 - 1. Let y = 7 + w. What is the greatest common divisor of k and y?
8
Let o = -22 + 31. Suppose k = -3 + o. Let g = 43 + -25. What is the greatest common divisor of k and g?
6
Suppose -4*n = 20, -3*k - 4*n + 43 = -324. Calculate the greatest common factor of 43 and k.
43
Let b be (-474)/(-7) - 4/(-14). Let a be (-94)/6 + (-8)/(-12). Let u(o) = -o**2 - 17*o - 13. Let z be u(a). What is the greatest common factor of b and z?
17
Let x(n) = -3*n - 9. Suppose -v - 3 - 3 = 0. Let m be x(v). What is the highest common divisor of m and 1?
1
Let z = 0 - 0. Suppose -4*o = z, -2*l - 3*l + 90 = -o. Suppose -p - 3*j + 42 = -0*j, 4*p - 128 = -4*j. Calculate the highest common divisor of p and l.
9
Let l(n) = 4*n**2 + n**3 + n + 7 - 8 + n**2. Let s be l(-2). What is the highest common factor of 27 and s?
9
Let y(k) = 3*k**2 + 17*k + 34. Let o be y(-8). What is the highest common divisor of o and 36?
18
Suppose -2*z - w = -0*w - 15, -23 = -3*z - w. Calculate the greatest common divisor of z and 40.
8
Let x(g) = -g**2 - 13*g + 8. Let q be x(-6). Suppose 3*t = u - 23, -5*u + 4*u = -t - 31. Suppose u = 2*a - 5. Calculate the greatest common factor of q and a.
10
Let i(p) = -31*p + 1. Let t be i(-2). Let h be -2 + 4 - (25 + -30). What is the highest common divisor of h and t?
7
Let c be (4/(-2))/((-12)/558). Calculate the greatest common factor of 31 and c.
31
Let u = 105 + -57. What is the greatest common factor of 12 and u?
12
Let w(z) = z**2 - z + 1. Let n be w(2). Suppose 0 = -5*x - 20, 0*x = 4*v - x - 20. Suppose n*u + 36 = v*u. What is the greatest common divisor of 54 and u?
18
Suppose 4*u + 2*d = -2*d + 40, 3*u = -4*d + 26. Calculate the highest common divisor of 154 and u.
14
Let p(k) = -3*k + 1. Let d be p(-1). Suppose 17 + 51 = d*u. Calculate the highest common divisor of 17 and u.
17
Let p = 16 - -29. Let y(n) = n + 2. Let d be y(-3). Let m be -1*1/(d/18). Calculate the greatest common factor of m and p.
9
Let a be 1 - 2*(0 - 1). Suppose -a + 13 = 2*b. What is the highest common divisor of 50 and b?
5
Suppose 5*o - q = 4*q, 0 = -4*o - 3*q + 35. Suppose -10 = o*x - 115. What is the highest common factor of x and 7?
7
Let b(j) = -6 + 0*j**2 - j**3 - j**2 + 0*j**3 - 3*j**2. Let u = -7 - -1. Let c be b(u). Calculate the greatest common factor of c and 6.
6
Suppose -4*t = -0*t - 132. Calculate the greatest common divisor of t and 66.
33
Suppose 4*f = 2*l + 34, 0 = 3*f + 2*f - 4*l - 41. Calculate the highest common divisor of f and 45.
9
Let m(c) be the second derivative of c**3/6 - 3*c**2/2 - 2*c. Let n be m(5). Suppose n*w + 160 = 6*w. What is the greatest common divisor of 8 and w?
8
Let q = 43 - 41. What is the highest common divisor of q and 3?
1
Let g(k) = 28*k**2 + 2*k + 1. Let r be g(-1). What is the highest common factor of 6 and r?
3
Let r(g) = 6*g**2 - g. Let j be r(-1). Suppose 2*k + 2*k = 4. Let c be k/(-6) + 215/30. What is the highest common factor of j and c?
7
Suppose -7*d + 27 = -8. What is the highest common factor of d and 25?
5
Let h(l) = l**2 - 3*l - 1. Let n be h(6). Let o = n - -136. Calculate the highest common divisor of 17 and o.
17
Suppose 43 = 2*l + 5*i, -3*i - 30 = -5*l - 0*i. Let x = l - -5. What is the highest common divisor of x and 56?
14
Let z(m) = -5*m - 25. Let s be z(-13). What is the greatest common factor of s and 30?
10
Let i be 4/16 + (-17)/4. Let j be 80/(-24)*12/(-10). Let g be 38 - (-2)/i*j. Calculate the greatest common factor of g and 4.
4
Let s = 22 + -12. Let k be (-38)/(-5) + (-6)/s. Suppose -k = -b + 4. Calculate the highest common factor of 44 and b.
11
Let v(c) = -43*c**2 - 2*c. Let m be v(1). Let b(k) = k**3 + 2*k**2 - 3*k + 3. Let n be b(-4). Let o = n - m. Calculate the greatest common factor of o and 70.
14
Suppose -99 = 5*f - 2*q, -3*f + 21 = 4*q + 70. Let b = f - -28. Suppose -2*s + 7 = -11. What is the greatest common factor of b and s?
9
Let h(y) = 19*y**2 - 3*y + 2. Let k be h(-2). Calculate the highest common factor of k and 14.
14
Suppose -3*o - 399 = -2*b, 3*b = -6*o + 2*o + 590. Calculate the highest common divisor of b and 18.
18
Let d be (0 - 0/2) + (-175)/(-1). Calculate the greatest common divisor of d and 35.
35
Suppose -2*f + 212 = j, 0 = -4*f + 3*j + 336 + 108. Calculate the highest common divisor of 12 and f.
12
Suppose 3 + 3 = 3*k. Suppose 0 = k*v - 20 - 4. Wha